{"id":2178,"date":"2018-06-19T13:34:24","date_gmt":"2018-06-19T12:34:24","guid":{"rendered":"http:\/\/www.ruggedhardware.de\/blog\/?page_id=2178"},"modified":"2018-06-19T13:54:20","modified_gmt":"2018-06-19T12:54:20","slug":"haftungsausschluss-disclaimer","status":"publish","type":"page","link":"https:\/\/www.ruggedhardware.de\/blog\/?page_id=2178","title":{"rendered":"Haftungsausschluss \/ Disclaimer"},"content":{"rendered":"<p>1. Haftungsbeschr\u00e4nkung<br \/>\nDie Inhalte des Internetauftritts wurden mit gr\u00f6\u00dftm\u00f6glicher Sorgfalt und<br \/>\nnach bestem Gewissen erstellt. Dennoch \u00fcbernimmt der Anbieter dieser<br \/>\nWebseite keine Gew\u00e4hr f\u00fcr die Aktualit\u00e4t, Vollst\u00e4ndigkeit und Richtigkeit<br \/>\nder bereitgestellten Seiten und Inhalte.<\/p>\n<p>Als Diensteanbieter ist der Anbieter dieser Webseite gem\u00e4\u00df \u00a7 7 Abs. 1 TMG<br \/>\nf\u00fcr eigene Inhalte und bereitgestellte Informationen auf diesen Seiten nach<br \/>\nden allgemeinen Gesetzen verantwortlich; nach den \u00a7\u00a7 8 bis 10 TMG jedoch<br \/>\nnicht verpflichtet, \u00fcbermittelte oder gespeicherte fremde Informationen zu<br \/>\n\u00fcberwachen. Entfernung oder Sperrung dieser Inhalte erfolgt umgehend ab<br \/>\ndem Zeitpunkt der Kenntnis einer konkreten Rechtsverletzung. Eine Haftung<br \/>\nist erst ab dem Zeitpunkt der Kenntniserlangung m\u00f6glich.<\/p>\n<p>2. Externe Links<br \/>\nDie Webseite enth\u00e4lt sog. \u201eexterne Links\u201c (Verlinkungen) zu anderen Seiten,<br \/>\nauf deren Inhalt der Anbieter dieser Webseite keinen Einfluss hat. Aus diesem<br \/>\nGrund kann der Anbieter f\u00fcr diese Inhalte auch keine Gew\u00e4hr \u00fcbernehmen.<br \/>\nF\u00fcr die Inhalte und die Richtigkeit der bereitgestellten Informationen ist der<br \/>\njeweilige Anbieter der verlinkten Webseite verantwortlich. Zum Zeitpunkt der<br \/>\nVerlinkung waren keine Rechtsverst\u00f6\u00dfe erkennbar. Bei dem Bekanntwerden<br \/>\neiner solchen Rechtsverletzung wird der Link umgehend entfernen.<\/p>\n<p>3. Urheberrecht\/Leistungsschutzrecht<br \/>\nDie auf dieser Webseite ver\u00f6ffentlichten Inhalte, Werke und verf\u00fcgbaren<br \/>\nInformationen unterliegen dem deutschen Urheber- und Leistungsschutzrecht.<br \/>\nJede Art der Vervielf\u00e4ltigung, Bearbeitung, Verbreitung, Einspeicherung und<br \/>\njede Art der Verwertung au\u00dferhalb der Grenzen des Urheberrechts bedarf<br \/>\nder vorherigen schriftlichen Zustimmung des jeweiligen Rechteinhabers. Das<br \/>\nunerlaubte Kopieren\/Speichern der bereitgestellten Informationen auf diesen<br \/>\nWebseiten ist nicht gestattet und strafbar.<\/p>\n<p>4. Datenschutz<br \/>\nDurch den Besuch des Internetauftritts k\u00f6nnen Informationen wie Datum,<br \/>\nUhrzeit, aufgerufene Seite etc. \u00fcber den Zugriff auf dem Server gespeichert<br \/>\nwerden. Es werden keine personenbezogenenen Daten, wie z. B. der Name,<br \/>\nAnschrift oder E-Mail-Adresse, gespeichert.<\/p>\n<p>Sofern personenbezogene Daten erhoben werden, erfolgt dies ausschlie\u00dflich<br \/>\nmit dem vorherigen Einverst\u00e4ndnis des Nutzers\/ Besuchers der Webseite. Eine<br \/>\nWeitergabe der Daten an Dritte findet ohne ausdr\u00fcckliche Zustimmung des<br \/>\nNutzers nicht statt.<\/p>\n<p>Der Anbieter weist darauf hin, dass die \u00dcbertragung von Daten im Internet<br \/>\n(z. B. per E-Mail) Sicherheitsl\u00fccken aufweisen und ein l\u00fcckenloser Schutz der<br \/>\nDaten vor dem Zugriff Dritter nicht gew\u00e4hrleistet werden kann. Der Anbieter<br \/>\n\u00fcbernimmt keine Haftung f\u00fcr die durch solche Sicherheitsl\u00fccken entstandenen<br \/>\nSch\u00e4den.<\/p>\n<p>Der Verwendung der Kontaktdaten durch Dritte zur gewerblichen Nutzung<br \/>\nwird ausdr\u00fccklich widersprochen. Es sei denn, der Anbieter hat zuvor seine<br \/>\nschriftliche Einwilligung erteilt. Der Anbieter beh\u00e4lt sich rechtliche Schritte f\u00fcr<br \/>\nden Fall der unverlangten Zusendung von Werbeinformationen, z. B. durch<br \/>\nSpam-Mails, vor.\u00a0 \u00a0 \u00a0Quelle:\u00a0<a href=\"http:\/\/www.mustervorlage.net\/disclaimer-muster\" target=\"_blank\" rel=\"noopener noreferrer\">Disclaimer-Muster<\/a><\/p>\n","protected":false},"excerpt":{"rendered":"<p>1. Haftungsbeschr\u00e4nkung Die Inhalte des Internetauftritts wurden mit gr\u00f6\u00dftm\u00f6glicher Sorgfalt und nach bestem Gewissen erstellt. Dennoch \u00fcbernimmt der Anbieter dieser Webseite keine Gew\u00e4hr f\u00fcr die Aktualit\u00e4t, Vollst\u00e4ndigkeit und Richtigkeit der bereitgestellten Seiten und Inhalte. Als Diensteanbieter ist der Anbieter dieser Webseite gem\u00e4\u00df \u00a7 7 Abs. 1 TMG f\u00fcr eigene Inhalte und bereitgestellte Informationen auf diesen [&hellip;]<\/p>\n","protected":false},"author":1,"featured_media":0,"parent":0,"menu_order":0,"comment_status":"closed","ping_status":"closed","template":"","meta":{"footnotes":""},"class_list":["post-2178","page","type-page","status-publish","hentry"],"_links":{"self":[{"href":"https:\/\/www.ruggedhardware.de\/blog\/index.php?rest_route=\/wp\/v2\/pages\/2178","targetHints":{"allow":["GET"]}}],"collection":[{"href":"https:\/\/www.ruggedhardware.de\/blog\/index.php?rest_route=\/wp\/v2\/pages"}],"about":[{"href":"https:\/\/www.ruggedhardware.de\/blog\/index.php?rest_route=\/wp\/v2\/types\/page"}],"author":[{"embeddable":true,"href":"https:\/\/www.ruggedhardware.de\/blog\/index.php?rest_route=\/wp\/v2\/users\/1"}],"replies":[{"embeddable":true,"href":"https:\/\/www.ruggedhardware.de\/blog\/index.php?rest_route=%2Fwp%2Fv2%2Fcomments&post=2178"}],"version-history":[{"count":2,"href":"https:\/\/www.ruggedhardware.de\/blog\/index.php?rest_route=\/wp\/v2\/pages\/2178\/revisions"}],"predecessor-version":[{"id":2183,"href":"https:\/\/www.ruggedhardware.de\/blog\/index.php?rest_route=\/wp\/v2\/pages\/2178\/revisions\/2183"}],"wp:attachment":[{"href":"https:\/\/www.ruggedhardware.de\/blog\/index.php?rest_route=%2Fwp%2Fv2%2Fmedia&parent=2178"}],"curies":[{"name":"wp","href":"https:\/\/api.w.org\/{rel}","templated":true}]}}