{"id":1899,"date":"2016-03-07T13:50:10","date_gmt":"2016-03-07T12:50:10","guid":{"rendered":"http:\/\/www.ruggedhardware.de\/blog\/?page_id=1899"},"modified":"2022-07-28T10:37:08","modified_gmt":"2022-07-28T09:37:08","slug":"roda-computer-faq","status":"publish","type":"page","link":"https:\/\/www.ruggedhardware.de\/blog\/?page_id=1899","title":{"rendered":"roda-computer, full-rugged (FAQ)"},"content":{"rendered":"<p>Informationen zur Kl\u00e4rung g\u00e4ngiger Fragen (Frequently Asked Questions\/ FAQ)<\/p>\n<p>Hersteller `roda computer GmbH`, geh\u00e4rtete Rechnertechnik, Notebooks und Tablets<\/p>\n<p><a href=\"http:\/\/roda-computer.de\/service-support\/download\/\" target=\"_blank\" rel=\"noopener noreferrer\">Direkt-Link: Treiber und Produkt-Informationen des Herstellers<\/a><\/p>\n<p>Inbetriebnahme \/ Re-Install<\/p>\n<p>\u00dcber den oben angegebenen Link gelangen Sie zum roda-Download-Server.<br \/>\nDie zur Installation n\u00f6tigen OEM-Treiber und Applikationen sind nach Ger\u00e4tetyp,<br \/>\nBaureihe und Betriebssystem geordnet.<\/p>\n<p>Die Treiber-Pakete sind in einzelnen Dateien frei zug\u00e4nglich. Eine \u00dcberpr\u00fcfung<br \/>\nin Sachen Hardware-Kompatibilit\u00e4t findet vor Installation nicht statt.<\/p>\n<p><span style=\"text-decoration: underline;\">Ger\u00e4tetypen \u2013 Zuordnung \u00fcber Auftragsnumber &gt;&gt;<\/span><\/p>\n<p>Die vergebene Auftragsnumber\/ RD\/ T-Nr. gibt Aufschluss \u00fcber die Konfiguration<br \/>\neines Ger\u00e4ts der `roda computer GmbH`. Erg\u00e4nzende Informationen erhalten<br \/>\nwir \u00fcber die Serial-Nummer und die auf dem Typenschild im Detail vermerkten<br \/>\nAusstattungsmerkmale.<\/p>\n<p><img loading=\"lazy\" decoding=\"async\" class=\"alignnone\" src=\"http:\/\/www.ruggedhardware.de\/blogparts\/Serial_RTRK.jpg\" alt=\"\" width=\"576\" height=\"399\" \/><\/p>\n<p><span style=\"text-decoration: underline;\">Nachr\u00fcsten von Komponenten &gt;&gt;<\/span><\/p>\n<p>Nachtr\u00e4gliches Einr\u00fcsten von Bauteilen ist je nach Ger\u00e4tetyp nur begrenzt<br \/>\nm\u00f6glich. Notwendige Basis ist ein kompatibles BIOS\/ UEFI und die Pr\u00e4senz<br \/>\ndes passenden Anschlusses.<\/p>\n<p><img loading=\"lazy\" decoding=\"async\" class=\"alignnone\" src=\"http:\/\/www.ruggedhardware.de\/blogparts\/RK8SE_SG.jpg\" alt=\"\" width=\"576\" height=\"383\" \/><\/p>\n<p><span style=\"text-decoration: underline;\">Betriebssysteme \u2013 Neuinstallation oder Upgrade &gt;&gt;<\/span><\/p>\n<p>Zur Neuinstallation eines Betriebssystem ist mindest ein Datentr\u00e4ger mit der<br \/>\nBasis-Installation erforderlich. Welche Form von Datentr\u00e4ger dies sein kann<br \/>\nund wie er zum Einsatz kommt, ist von dem einzelnen Ger\u00e4tetypen abh\u00e4ngig.<br \/>\nDenkbar sind je nach Ger\u00e4t CD\/ DVD, USB-Stick. Bei Unklarheiten nehmen Sie<br \/>\ndas zugeh\u00f6rige Handbuch zur Hilfe \u2013 `ReInstall OS`.<\/p>\n<p>Erg\u00e4nzend werden nach einer Basis-Installation zur Hardware-Einrichtung<br \/>\ndie einzelnen Ger\u00e4te-Treiber hinzugef\u00fcgt. In der Vorbereitung denken Sie<br \/>\ndaran, dass BIOS\/ UEFI des Ger\u00e4ts zug\u00e4nglich sein sollten, um, falls es n\u00f6tig<br \/>\nist, die Boot-Reihenfolge zu ver\u00e4ndern.<\/p>\n<p><a href=\"http:\/\/www.ruggedhardware.de\/blog\/?p=1554\" target=\"_blank\" rel=\"noopener noreferrer\">Blog- Eintrag, Information zu neuen Microsoft- Betriebssystemen<\/a><\/p>\n<p><span style=\"text-decoration: underline;\">Hauptlaufwerk HDD oder SSD ?? &gt;&gt;<\/span><\/p>\n<p>Immer wieder ergibt sich die Frage nach der Verwendung eines SSD, einem<br \/>\nSolid State Drive, dies zu verbauen anstatt einem HDD, einem Hard Disk Drive.<br \/>\nDie Vor- und Nachteile werden ausdauernd diskutiert, auch das Verbauen von<br \/>\nKombinationslaufwerken, dem mittlerweile verf\u00fcgbaren Hybrid-Laufwerk.<\/p>\n<p><img loading=\"lazy\" decoding=\"async\" class=\"alignnone\" src=\"http:\/\/www.ruggedhardware.de\/blogparts\/rodaLw.jpg\" alt=\"\" width=\"576\" height=\"383\" \/><\/p>\n<p>Festzustellen ist, dass eine Nutzung der angesprochenen Laufwerkstypen in erster<br \/>\nLinie von den im Rechner verbauten Schnittstellen abh\u00e4ngt. Basierend auf verbauter<br \/>\nHardware ergeben sich die M\u00f6glichkeiten der Anschlussform, der\u00a0Direktanschluss<br \/>\ndes Laufwerks oder das Verwenden eines Adapters.<\/p>\n<p>Technische Einzelheiten sind stets in Abh\u00e4ngigkeit zum Ger\u00e4tetypen zu kl\u00e4ren.<\/p>\n<p>Bez\u00fcglich nicht behandelter Themen freuen wir uns \u00fcber Ihre Anfrage.<\/p>\n<p>&nbsp;<\/p>\n<h6><a href=\"http:\/\/www.ruggedhardware.de\/blog\/?page_id=1922\" target=\"_blank\" rel=\"noopener noreferrer\">ruggedized FAQ, erg\u00e4nzend zum Thema<\/a><\/h6>\n<h6><a href=\"https:\/\/www.ruggedhardware.de\/blog\/?p=1391\" target=\"_blank\" rel=\"noopener noreferrer\">Copyright \/ Urheberrecht \u2013 Plb. Rathjen.Meyer<\/a><\/h6>\n<p>&nbsp;<\/p>\n","protected":false},"excerpt":{"rendered":"<p>Informationen zur Kl\u00e4rung g\u00e4ngiger Fragen (Frequently Asked Questions\/ FAQ) Hersteller `roda computer GmbH`, geh\u00e4rtete Rechnertechnik, Notebooks und Tablets Direkt-Link: Treiber und Produkt-Informationen des Herstellers Inbetriebnahme \/ Re-Install \u00dcber den oben angegebenen Link gelangen Sie zum roda-Download-Server. Die zur Installation n\u00f6tigen OEM-Treiber und Applikationen sind nach Ger\u00e4tetyp, Baureihe und Betriebssystem geordnet. Die Treiber-Pakete sind in einzelnen [&hellip;]<\/p>\n","protected":false},"author":1,"featured_media":0,"parent":0,"menu_order":0,"comment_status":"closed","ping_status":"closed","template":"","meta":{"footnotes":""},"class_list":["post-1899","page","type-page","status-publish","hentry"],"_links":{"self":[{"href":"https:\/\/www.ruggedhardware.de\/blog\/index.php?rest_route=\/wp\/v2\/pages\/1899","targetHints":{"allow":["GET"]}}],"collection":[{"href":"https:\/\/www.ruggedhardware.de\/blog\/index.php?rest_route=\/wp\/v2\/pages"}],"about":[{"href":"https:\/\/www.ruggedhardware.de\/blog\/index.php?rest_route=\/wp\/v2\/types\/page"}],"author":[{"embeddable":true,"href":"https:\/\/www.ruggedhardware.de\/blog\/index.php?rest_route=\/wp\/v2\/users\/1"}],"replies":[{"embeddable":true,"href":"https:\/\/www.ruggedhardware.de\/blog\/index.php?rest_route=%2Fwp%2Fv2%2Fcomments&post=1899"}],"version-history":[{"count":27,"href":"https:\/\/www.ruggedhardware.de\/blog\/index.php?rest_route=\/wp\/v2\/pages\/1899\/revisions"}],"predecessor-version":[{"id":2684,"href":"https:\/\/www.ruggedhardware.de\/blog\/index.php?rest_route=\/wp\/v2\/pages\/1899\/revisions\/2684"}],"wp:attachment":[{"href":"https:\/\/www.ruggedhardware.de\/blog\/index.php?rest_route=%2Fwp%2Fv2%2Fmedia&parent=1899"}],"curies":[{"name":"wp","href":"https:\/\/api.w.org\/{rel}","templated":true}]}}